{"id":1771,"date":"2025-03-03T16:47:09","date_gmt":"2025-03-03T15:47:09","guid":{"rendered":"https:\/\/www.imhar.net\/?page_id=1771"},"modified":"2026-03-12T12:03:33","modified_gmt":"2026-03-12T11:03:33","slug":"veranstaltungen-2025","status":"publish","type":"page","link":"https:\/\/www.imhar.net\/en\/news\/events-archive\/veranstaltungen-2025\/","title":{"rendered":"Veranstaltungen 2025"},"content":{"rendered":"\n<div style=\"height:100px\" aria-hidden=\"true\" class=\"wp-block-spacer\"><\/div>\n\n\n\n<div class=\"wp-block-columns is-layout-flex wp-container-core-columns-is-layout-9d6595d7 wp-block-columns-is-layout-flex\">\n<div class=\"wp-block-column is-layout-flow wp-block-column-is-layout-flow\">\n<p><strong>Salon<\/strong> _ 14. November 2025<\/p>\n\n\n\n<p><strong>HORIZONTAL! Das Krankenbett und die Welt im Liegen<\/strong> <em>Konzeptvorstellung zur&nbsp;geplanten&nbsp;Sonderausstellung im Berliner Medizinhistorischen Museum der Charit\u00e9<\/em>mit Prof. Dr. Monika <strong>Ankele<\/strong><\/p>\n\n\n\n<p>Wie ver\u00e4ndert sich die Wahrnehmung der Welt, wenn wir sie im Liegen erleben? Die Ausstellung&nbsp;\u201eHorizontal! Das Krankenbett und die Welt im Liegen\u201c&nbsp;l\u00e4dt dazu ein, den Blick zu wechseln \u2013 weg von einer vertikal dominierten Welt hin zu den oft unsichtbaren Perspektiven aus dem Krankenbett:&nbsp;Wie pr\u00e4gt der mikroskopische Raum des Krankenbetts das Erleben von Krankheit und Teilhabe?&nbsp;Welche historischen, sozialen und politischen Bedeutungen tr\u00e4gt der liegende K\u00f6rper?&nbsp;Und wie lassen sich medizin\/historische, k\u00fcnstlerische und aktivistische Perspektiven miteinander verweben?&nbsp;Und wie kann die Ausstellung&nbsp;inklusiv und partizipativ gestaltet werden?<\/p>\n<\/div>\n\n\n\n<div class=\"wp-block-column is-layout-flow wp-block-column-is-layout-flow\">\n<figure class=\"wp-block-image size-full\"><img loading=\"lazy\" decoding=\"async\" width=\"1020\" height=\"608\" src=\"http:\/\/www.imhar.net\/wp-content\/uploads\/2025\/09\/coverbild_test.jpg\" alt=\"\" class=\"wp-image-1825\" srcset=\"https:\/\/www.imhar.net\/wp-content\/uploads\/2025\/09\/coverbild_test.jpg 1020w, https:\/\/www.imhar.net\/wp-content\/uploads\/2025\/09\/coverbild_test-300x179.jpg 300w, https:\/\/www.imhar.net\/wp-content\/uploads\/2025\/09\/coverbild_test-768x458.jpg 768w\" sizes=\"auto, (max-width: 1020px) 100vw, 1020px\" \/><\/figure>\n\n\n\n<p>Die Historikerin Prof. Dr. <a href=\"https:\/\/bmm-charite.de\/en\/contact\/monika-ankele\">Monika <strong>Ankele<\/strong><\/a> ist seit M\u00e4rz 2024 Direktorin des Berliner Medizinhistorischen Museums der Charit\u00e9 und Professorin f\u00fcr Medizingeschichte und medizinische Museologie an der Charit\u00e9 \u2013 Universit\u00e4tsmedizin Berlin. Sie ist ebenso Gr\u00fcndungsmitglied der International Association for Medical &amp; Health Humanities and Artistic Research, e.V. und ko-leitet das damit verbundene An-Institut IMHAR.<\/p>\n<\/div>\n<\/div>\n\n\n\n<div style=\"height:100px\" aria-hidden=\"true\" class=\"wp-block-spacer\"><\/div>\n\n\n\n<div class=\"wp-block-group\"><div class=\"wp-block-group__inner-container is-layout-constrained wp-block-group-is-layout-constrained\">\n<div class=\"wp-block-columns is-layout-flex wp-container-core-columns-is-layout-9d6595d7 wp-block-columns-is-layout-flex\">\n<div class=\"wp-block-column is-layout-flow wp-block-column-is-layout-flow\">\n<p><strong>Salon _<\/strong> 17. 10. 2025<\/p>\n\n\n\n<p>\u00bb<strong>Queer Anatomies<\/strong>\u00ab <em>Aesthetics &amp; perverse desire in the anatomical image; Or, The Epistemology of the Anatomical Closet<\/em><\/p>\n\n\n\n<p>Mit Dr Michael <strong>Sappol<\/strong>, moderiert von PD Dr. Katharina Sabernig<\/p>\n\n\n\n<p>Sexual body-parts and same-sex desire were unmentionables in 18th- and 19th-century Europe, debarred from polite conversation and printed discourse. Yet one scientific discipline\u2014anatomy\u2014had license to represent the intimate details of the human body\u2014rectum and genitalia included. The images of anatomy could be soberly technical, but just as often monstrous, flirtatious, theatrical, beautiful. And sensual. Anatomical figures gave off heat, provided pleasure and legitimation to the men who produced and gazed upon, and collected, rare books and art. For those men, Anatomy had a privileged status as a foundational subject in art and medical pedagogy, and in the encyclopedic curriculum of Enlightenment discourse. Philosophical, medical and aesthetic competence, all depended on a secure knowledge of anatomy.<br>Yet our historical actors didn\u2019t openly declare their erotic interests. If, as Eve Kosofsky Sedgwick argued, \u201ccloseted-ness\u2026is a performance initiated\u2026by the speech act of a silence,\u201d then we need to peer into their textual and representational spaces, and decode their images and actions. <\/p>\n<\/div>\n\n\n\n<div class=\"wp-block-column is-layout-flow wp-block-column-is-layout-flow\">\n<figure class=\"wp-block-image size-full\"><img loading=\"lazy\" decoding=\"async\" width=\"616\" height=\"612\" src=\"http:\/\/www.imhar.net\/wp-content\/uploads\/2025\/09\/sappol1-1.png\" alt=\"\" class=\"wp-image-1833\" srcset=\"https:\/\/www.imhar.net\/wp-content\/uploads\/2025\/09\/sappol1-1.png 616w, https:\/\/www.imhar.net\/wp-content\/uploads\/2025\/09\/sappol1-1-300x298.png 300w, https:\/\/www.imhar.net\/wp-content\/uploads\/2025\/09\/sappol1-1-150x150.png 150w\" sizes=\"auto, (max-width: 616px) 100vw, 616px\" \/><\/figure>\n\n\n\n<p>Focusing on celebrated atlases and works that danced on the borderline of respectability, Mike Sappol uses queer theory, close reading, and the comparative method to recover the lost world of Enlightenment and post-Enlightenment queer anatomy.<\/p>\n\n\n\n<p><a href=\"https:\/\/www.uu.se\/en\/contact-and-organisation\/staff?query=N16-1296\">Michael <strong>Sappol<\/strong><\/a> is a historian of the visual culture of medicine and science, and Visiting Researcher in the History of Science &amp; Ideas at Uppsala University. He is the author of Queer Anatomies (2024), Body Modern (2017), and A Traffic of Dead Bodies (2002). He is currently working on a history of photographic anatomy and an exploration of the cultural politics surrounding anatomical objects and collections.<\/p>\n\n\n\n<div style=\"height:100px\" aria-hidden=\"true\" class=\"wp-block-spacer\"><\/div>\n<\/div>\n<\/div>\n\n\n\n<div style=\"height:100px\" aria-hidden=\"true\" class=\"wp-block-spacer\"><\/div>\n\n\n\n<div class=\"wp-block-columns is-layout-flex wp-container-core-columns-is-layout-9d6595d7 wp-block-columns-is-layout-flex\">\n<div class=\"wp-block-column is-layout-flow wp-block-column-is-layout-flow\">\n<p><strong>Reading Room<\/strong> _ 12. Juni 2025<\/p>\n\n\n\n<p><strong>James Thompson: Care Aesthetics. For artful care and careful art (Routledge 2022)<\/strong><\/p>\n\n\n\n<p>Prof. Dr. Azadeh <strong><a href=\"https:\/\/www.hks-ottersberg.de\/hochschule\/lehrende\/Ganjeh_Azadeh.php\">Ganjeh<\/a><\/strong> (Ottersberg), Dr. Elke <strong><a href=\"https:\/\/elkemark.com\/\">Mark<\/a><\/strong> (Flensburg) und Dr. Nora <strong><a href=\"https:\/\/noraheidorn.com\/\">Heidorn<\/a><\/strong> (Berlin) stellen James Thompsons Buch vor und diskutieren zentrale Frage gemeinsam mit den Anwesenden. Moderation Prof. Dr. C\u00e9line <strong>Kaiser<\/strong> (Ottersberg)<\/p>\n<\/div>\n\n\n\n<div class=\"wp-block-column is-layout-flow wp-block-column-is-layout-flow\">\n<figure class=\"wp-block-image size-large\"><img loading=\"lazy\" decoding=\"async\" width=\"681\" height=\"1024\" src=\"http:\/\/www.imhar.net\/wp-content\/uploads\/2025\/03\/Thompson-Care-Aesthetics-681x1024.jpg\" alt=\"\" class=\"wp-image-1754\" srcset=\"https:\/\/www.imhar.net\/wp-content\/uploads\/2025\/03\/Thompson-Care-Aesthetics-681x1024.jpg 681w, https:\/\/www.imhar.net\/wp-content\/uploads\/2025\/03\/Thompson-Care-Aesthetics-199x300.jpg 199w, https:\/\/www.imhar.net\/wp-content\/uploads\/2025\/03\/Thompson-Care-Aesthetics-768x1155.jpg 768w, https:\/\/www.imhar.net\/wp-content\/uploads\/2025\/03\/Thompson-Care-Aesthetics.jpg 997w\" sizes=\"auto, (max-width: 681px) 100vw, 681px\" \/><\/figure>\n<\/div>\n<\/div>\n<\/div><\/div>\n\n\n\n<div style=\"height:100px\" aria-hidden=\"true\" class=\"wp-block-spacer\"><\/div>\n\n\n\n<div class=\"wp-block-columns is-layout-flex wp-container-core-columns-is-layout-9d6595d7 wp-block-columns-is-layout-flex\">\n<div class=\"wp-block-column is-layout-flow wp-block-column-is-layout-flow\">\n<p><strong>Salon<\/strong> _ 26. Juni 2025<\/p>\n\n\n\n<p><strong>Disordering Dance<\/strong><\/p>\n\n\n\n<p>Dr Aby <strong>Watson<\/strong> is a neuroqueer artist, choreographer, performer, academic &amp; activist based in Glasgow, Scotland.&nbsp;Aby\u2019s work is polymorphic\u2014shifting fluidly across contemporary performance and knowledge exchange, with a focus on radical neurodiversity. With special interests in neuroqueering, stimming, sensuality, and consciousness, her playful, stimulating choreographic sensibility explores non-neuronormative potentials through rhythm, repetition, ritual, and togetherness. Under the moniker &#8216;Disordering Dance&#8217;, Dr Watson&#8217;s choreographic research&nbsp;explores non-neuronormative approaches to making and experiencing dance, centred on modes of neurodivergent embodiment and consciousness. \/&nbsp;<a href=\"http:\/\/www.abywatson.co.uk\/\">www.abywatson.co.uk<\/a><\/p>\n<\/div>\n\n\n\n<div class=\"wp-block-column is-layout-flow wp-block-column-is-layout-flow\">\n<figure class=\"wp-block-image size-large\"><img loading=\"lazy\" decoding=\"async\" width=\"682\" height=\"1024\" src=\"http:\/\/www.imhar.net\/wp-content\/uploads\/2025\/04\/ABYWATSON_Headshot_2025_photoTiuMakkonen_Web-37-1-682x1024.jpg\" alt=\"\" class=\"wp-image-1813\" srcset=\"https:\/\/www.imhar.net\/wp-content\/uploads\/2025\/04\/ABYWATSON_Headshot_2025_photoTiuMakkonen_Web-37-1-682x1024.jpg 682w, https:\/\/www.imhar.net\/wp-content\/uploads\/2025\/04\/ABYWATSON_Headshot_2025_photoTiuMakkonen_Web-37-1-200x300.jpg 200w, https:\/\/www.imhar.net\/wp-content\/uploads\/2025\/04\/ABYWATSON_Headshot_2025_photoTiuMakkonen_Web-37-1-768x1154.jpg 768w, https:\/\/www.imhar.net\/wp-content\/uploads\/2025\/04\/ABYWATSON_Headshot_2025_photoTiuMakkonen_Web-37-1-1022x1536.jpg 1022w, https:\/\/www.imhar.net\/wp-content\/uploads\/2025\/04\/ABYWATSON_Headshot_2025_photoTiuMakkonen_Web-37-1.jpg 1363w\" sizes=\"auto, (max-width: 682px) 100vw, 682px\" \/><\/figure>\n<\/div>\n<\/div>\n\n\n\n<div style=\"height:100px\" aria-hidden=\"true\" class=\"wp-block-spacer\"><\/div>\n\n\n\n<div class=\"wp-block-columns is-layout-flex wp-container-core-columns-is-layout-9d6595d7 wp-block-columns-is-layout-flex\">\n<div class=\"wp-block-column is-layout-flow wp-block-column-is-layout-flow\">\n<p><strong>Kolloquium<\/strong> vom 24. Januar 2025<\/p>\n\n\n\n<p>Unter dem Titel \u00bb<strong>Wissenschaftlichkeiten und Gelegenheiten: Zur fr\u00fchen Geschichte der Medizinischen Sammlung der Universit\u00e4t Z\u00fcrich<\/strong>\u00ab stellte die Medizin- und Wissenschaftshistorikerin Dr. Sophie <strong><a href=\"https:\/\/www.medizinsammlung.uzh.ch\/de\/team\/wissmitarbeiter\/Sophie-Ledebur.html\">Ledebur<\/a><\/strong> (Universit\u00e4t Z\u00fcrich) die Entwicklung der Sammlung vor.<\/p>\n<\/div>\n\n\n\n<div class=\"wp-block-column is-layout-flow wp-block-column-is-layout-flow\">\n<figure class=\"wp-block-image size-full\"><img loading=\"lazy\" decoding=\"async\" width=\"1024\" height=\"768\" src=\"http:\/\/www.imhar.net\/wp-content\/uploads\/2024\/11\/IMHAR-Anku\u0308ndigung-24.1.001.jpeg\" alt=\"\" class=\"wp-image-1734\" srcset=\"https:\/\/www.imhar.net\/wp-content\/uploads\/2024\/11\/IMHAR-Anku\u0308ndigung-24.1.001.jpeg 1024w, https:\/\/www.imhar.net\/wp-content\/uploads\/2024\/11\/IMHAR-Anku\u0308ndigung-24.1.001-300x225.jpeg 300w, https:\/\/www.imhar.net\/wp-content\/uploads\/2024\/11\/IMHAR-Anku\u0308ndigung-24.1.001-768x576.jpeg 768w, https:\/\/www.imhar.net\/wp-content\/uploads\/2024\/11\/IMHAR-Anku\u0308ndigung-24.1.001-970x728.jpeg 970w, https:\/\/www.imhar.net\/wp-content\/uploads\/2024\/11\/IMHAR-Anku\u0308ndigung-24.1.001-700x525.jpeg 700w\" sizes=\"auto, (max-width: 1024px) 100vw, 1024px\" \/><\/figure>\n<\/div>\n<\/div>\n\n\n\n<div class=\"wp-block-columns is-layout-flex wp-container-core-columns-is-layout-9d6595d7 wp-block-columns-is-layout-flex\">\n<div class=\"wp-block-column is-layout-flow wp-block-column-is-layout-flow\"><\/div>\n\n\n\n<div class=\"wp-block-column is-layout-flow wp-block-column-is-layout-flow\"><\/div>\n<\/div>\n\n\n\n<p><\/p>\n\n\n\n<p><\/p>\n","protected":false},"excerpt":{"rendered":"<p>Salon _ 14. November 2025 HORIZONTAL! Das Krankenbett und die Welt im Liegen Konzeptvorstellung zur&nbsp;geplanten&nbsp;Sonderausstellung im Berliner Medizinhistorischen Museum der Charit\u00e9mit Prof. Dr. Monika Ankele Wie ver\u00e4ndert sich die Wahrnehmung der Welt, wenn wir sie im Liegen erleben? Die Ausstellung&nbsp;\u201eHorizontal! Das Krankenbett und die Welt [&hellip;]<\/p>\n","protected":false},"author":3,"featured_media":0,"parent":390,"menu_order":5,"comment_status":"closed","ping_status":"closed","template":"","meta":{"footnotes":""},"class_list":["post-1771","page","type-page","status-publish","hentry"],"_links":{"self":[{"href":"https:\/\/www.imhar.net\/en\/wp-json\/wp\/v2\/pages\/1771","targetHints":{"allow":["GET"]}}],"collection":[{"href":"https:\/\/www.imhar.net\/en\/wp-json\/wp\/v2\/pages"}],"about":[{"href":"https:\/\/www.imhar.net\/en\/wp-json\/wp\/v2\/types\/page"}],"author":[{"embeddable":true,"href":"https:\/\/www.imhar.net\/en\/wp-json\/wp\/v2\/users\/3"}],"replies":[{"embeddable":true,"href":"https:\/\/www.imhar.net\/en\/wp-json\/wp\/v2\/comments?post=1771"}],"version-history":[{"count":12,"href":"https:\/\/www.imhar.net\/en\/wp-json\/wp\/v2\/pages\/1771\/revisions"}],"predecessor-version":[{"id":1858,"href":"https:\/\/www.imhar.net\/en\/wp-json\/wp\/v2\/pages\/1771\/revisions\/1858"}],"up":[{"embeddable":true,"href":"https:\/\/www.imhar.net\/en\/wp-json\/wp\/v2\/pages\/390"}],"wp:attachment":[{"href":"https:\/\/www.imhar.net\/en\/wp-json\/wp\/v2\/media?parent=1771"}],"curies":[{"name":"wp","href":"https:\/\/api.w.org\/{rel}","templated":true}]}}

<div style="height:100px" aria-hidden="true" class="wp-block-spacer"></div>



<div class="wp-block-columns is-layout-flex wp-container-core-columns-is-layout-9d6595d7 wp-block-columns-is-layout-flex">
<div class="wp-block-column is-layout-flow wp-block-column-is-layout-flow">
<p><strong>Salon</strong> _ 14. November 2025</p>



<p><strong>HORIZONTAL! Das Krankenbett und die Welt im Liegen</strong> <em>Konzeptvorstellung zur&nbsp;geplanten&nbsp;Sonderausstellung im Berliner Medizinhistorischen Museum der Charité</em>mit Prof. Dr. Monika <strong>Ankele</strong></p>



<p>Wie verändert sich die Wahrnehmung der Welt, wenn wir sie im Liegen erleben? Die Ausstellung&nbsp;„Horizontal! Das Krankenbett und die Welt im Liegen“&nbsp;lädt dazu ein, den Blick zu wechseln – weg von einer vertikal dominierten Welt hin zu den oft unsichtbaren Perspektiven aus dem Krankenbett:&nbsp;Wie prägt der mikroskopische Raum des Krankenbetts das Erleben von Krankheit und Teilhabe?&nbsp;Welche historischen, sozialen und politischen Bedeutungen trägt der liegende Körper?&nbsp;Und wie lassen sich medizin/historische, künstlerische und aktivistische Perspektiven miteinander verweben?&nbsp;Und wie kann die Ausstellung&nbsp;inklusiv und partizipativ gestaltet werden?</p>
</div>



<div class="wp-block-column is-layout-flow wp-block-column-is-layout-flow">
<figure class="wp-block-image size-full"><img loading="lazy" decoding="async" width="1020" height="608" src="http://www.imhar.net/wp-content/uploads/2025/09/coverbild_test.jpg" alt="" class="wp-image-1825" srcset="https://www.imhar.net/wp-content/uploads/2025/09/coverbild_test.jpg 1020w, https://www.imhar.net/wp-content/uploads/2025/09/coverbild_test-300x179.jpg 300w, https://www.imhar.net/wp-content/uploads/2025/09/coverbild_test-768x458.jpg 768w" sizes="auto, (max-width: 1020px) 100vw, 1020px" /></figure>



<p>Die Historikerin Prof. Dr. <a href="https://bmm-charite.de/en/contact/monika-ankele">Monika <strong>Ankele</strong></a> ist seit März 2024 Direktorin des Berliner Medizinhistorischen Museums der Charité und Professorin für Medizingeschichte und medizinische Museologie an der Charité – Universitätsmedizin Berlin. Sie ist ebenso Gründungsmitglied der International Association for Medical &amp; Health Humanities and Artistic Research, e.V. und ko-leitet das damit verbundene An-Institut IMHAR.</p>
</div>
</div>



<div style="height:100px" aria-hidden="true" class="wp-block-spacer"></div>



<div class="wp-block-group"><div class="wp-block-group__inner-container is-layout-constrained wp-block-group-is-layout-constrained">
<div class="wp-block-columns is-layout-flex wp-container-core-columns-is-layout-9d6595d7 wp-block-columns-is-layout-flex">
<div class="wp-block-column is-layout-flow wp-block-column-is-layout-flow">
<p><strong>Salon _</strong> 17. 10. 2025</p>



<p>»<strong>Queer Anatomies</strong>« <em>Aesthetics &amp; perverse desire in the anatomical image; Or, The Epistemology of the Anatomical Closet</em></p>



<p>Mit Dr Michael <strong>Sappol</strong>, moderiert von PD Dr. Katharina Sabernig</p>



<p>Sexual body-parts and same-sex desire were unmentionables in 18th- and 19th-century Europe, debarred from polite conversation and printed discourse. Yet one scientific discipline—anatomy—had license to represent the intimate details of the human body—rectum and genitalia included. The images of anatomy could be soberly technical, but just as often monstrous, flirtatious, theatrical, beautiful. And sensual. Anatomical figures gave off heat, provided pleasure and legitimation to the men who produced and gazed upon, and collected, rare books and art. For those men, Anatomy had a privileged status as a foundational subject in art and medical pedagogy, and in the encyclopedic curriculum of Enlightenment discourse. Philosophical, medical and aesthetic competence, all depended on a secure knowledge of anatomy.<br>Yet our historical actors didn’t openly declare their erotic interests. If, as Eve Kosofsky Sedgwick argued, “closeted-ness…is a performance initiated…by the speech act of a silence,” then we need to peer into their textual and representational spaces, and decode their images and actions. </p>
</div>



<div class="wp-block-column is-layout-flow wp-block-column-is-layout-flow">
<figure class="wp-block-image size-full"><img loading="lazy" decoding="async" width="616" height="612" src="http://www.imhar.net/wp-content/uploads/2025/09/sappol1-1.png" alt="" class="wp-image-1833" srcset="https://www.imhar.net/wp-content/uploads/2025/09/sappol1-1.png 616w, https://www.imhar.net/wp-content/uploads/2025/09/sappol1-1-300x298.png 300w, https://www.imhar.net/wp-content/uploads/2025/09/sappol1-1-150x150.png 150w" sizes="auto, (max-width: 616px) 100vw, 616px" /></figure>



<p>Focusing on celebrated atlases and works that danced on the borderline of respectability, Mike Sappol uses queer theory, close reading, and the comparative method to recover the lost world of Enlightenment and post-Enlightenment queer anatomy.</p>



<p><a href="https://www.uu.se/en/contact-and-organisation/staff?query=N16-1296">Michael <strong>Sappol</strong></a> is a historian of the visual culture of medicine and science, and Visiting Researcher in the History of Science &amp; Ideas at Uppsala University. He is the author of Queer Anatomies (2024), Body Modern (2017), and A Traffic of Dead Bodies (2002). He is currently working on a history of photographic anatomy and an exploration of the cultural politics surrounding anatomical objects and collections.</p>



<div style="height:100px" aria-hidden="true" class="wp-block-spacer"></div>
</div>
</div>



<div style="height:100px" aria-hidden="true" class="wp-block-spacer"></div>



<div class="wp-block-columns is-layout-flex wp-container-core-columns-is-layout-9d6595d7 wp-block-columns-is-layout-flex">
<div class="wp-block-column is-layout-flow wp-block-column-is-layout-flow">
<p><strong>Reading Room</strong> _ 12. Juni 2025</p>



<p><strong>James Thompson: Care Aesthetics. For artful care and careful art (Routledge 2022)</strong></p>



<p>Prof. Dr. Azadeh <strong><a href="https://www.hks-ottersberg.de/hochschule/lehrende/Ganjeh_Azadeh.php">Ganjeh</a></strong> (Ottersberg), Dr. Elke <strong><a href="https://elkemark.com/">Mark</a></strong> (Flensburg) und Dr. Nora <strong><a href="https://noraheidorn.com/">Heidorn</a></strong> (Berlin) stellen James Thompsons Buch vor und diskutieren zentrale Frage gemeinsam mit den Anwesenden. Moderation Prof. Dr. Céline <strong>Kaiser</strong> (Ottersberg)</p>
</div>



<div class="wp-block-column is-layout-flow wp-block-column-is-layout-flow">
<figure class="wp-block-image size-large"><img loading="lazy" decoding="async" width="681" height="1024" src="http://www.imhar.net/wp-content/uploads/2025/03/Thompson-Care-Aesthetics-681x1024.jpg" alt="" class="wp-image-1754" srcset="https://www.imhar.net/wp-content/uploads/2025/03/Thompson-Care-Aesthetics-681x1024.jpg 681w, https://www.imhar.net/wp-content/uploads/2025/03/Thompson-Care-Aesthetics-199x300.jpg 199w, https://www.imhar.net/wp-content/uploads/2025/03/Thompson-Care-Aesthetics-768x1155.jpg 768w, https://www.imhar.net/wp-content/uploads/2025/03/Thompson-Care-Aesthetics.jpg 997w" sizes="auto, (max-width: 681px) 100vw, 681px" /></figure>
</div>
</div>
</div></div>



<div style="height:100px" aria-hidden="true" class="wp-block-spacer"></div>



<div class="wp-block-columns is-layout-flex wp-container-core-columns-is-layout-9d6595d7 wp-block-columns-is-layout-flex">
<div class="wp-block-column is-layout-flow wp-block-column-is-layout-flow">
<p><strong>Salon</strong> _ 26. Juni 2025</p>



<p><strong>Disordering Dance</strong></p>



<p>Dr Aby <strong>Watson</strong> is a neuroqueer artist, choreographer, performer, academic &amp; activist based in Glasgow, Scotland.&nbsp;Aby’s work is polymorphic—shifting fluidly across contemporary performance and knowledge exchange, with a focus on radical neurodiversity. With special interests in neuroqueering, stimming, sensuality, and consciousness, her playful, stimulating choreographic sensibility explores non-neuronormative potentials through rhythm, repetition, ritual, and togetherness. Under the moniker &#8216;Disordering Dance&#8217;, Dr Watson&#8217;s choreographic research&nbsp;explores non-neuronormative approaches to making and experiencing dance, centred on modes of neurodivergent embodiment and consciousness. /&nbsp;<a href="http://www.abywatson.co.uk/">www.abywatson.co.uk</a></p>
</div>



<div class="wp-block-column is-layout-flow wp-block-column-is-layout-flow">
<figure class="wp-block-image size-large"><img loading="lazy" decoding="async" width="682" height="1024" src="http://www.imhar.net/wp-content/uploads/2025/04/ABYWATSON_Headshot_2025_photoTiuMakkonen_Web-37-1-682x1024.jpg" alt="" class="wp-image-1813" srcset="https://www.imhar.net/wp-content/uploads/2025/04/ABYWATSON_Headshot_2025_photoTiuMakkonen_Web-37-1-682x1024.jpg 682w, https://www.imhar.net/wp-content/uploads/2025/04/ABYWATSON_Headshot_2025_photoTiuMakkonen_Web-37-1-200x300.jpg 200w, https://www.imhar.net/wp-content/uploads/2025/04/ABYWATSON_Headshot_2025_photoTiuMakkonen_Web-37-1-768x1154.jpg 768w, https://www.imhar.net/wp-content/uploads/2025/04/ABYWATSON_Headshot_2025_photoTiuMakkonen_Web-37-1-1022x1536.jpg 1022w, https://www.imhar.net/wp-content/uploads/2025/04/ABYWATSON_Headshot_2025_photoTiuMakkonen_Web-37-1.jpg 1363w" sizes="auto, (max-width: 682px) 100vw, 682px" /></figure>
</div>
</div>



<div style="height:100px" aria-hidden="true" class="wp-block-spacer"></div>



<div class="wp-block-columns is-layout-flex wp-container-core-columns-is-layout-9d6595d7 wp-block-columns-is-layout-flex">
<div class="wp-block-column is-layout-flow wp-block-column-is-layout-flow">
<p><strong>Kolloquium</strong> vom 24. Januar 2025</p>



<p>Unter dem Titel »<strong>Wissenschaftlichkeiten und Gelegenheiten: Zur frühen Geschichte der Medizinischen Sammlung der Universität Zürich</strong>« stellte die Medizin- und Wissenschaftshistorikerin Dr. Sophie <strong><a href="https://www.medizinsammlung.uzh.ch/de/team/wissmitarbeiter/Sophie-Ledebur.html">Ledebur</a></strong> (Universität Zürich) die Entwicklung der Sammlung vor.</p>
</div>



<div class="wp-block-column is-layout-flow wp-block-column-is-layout-flow">
<figure class="wp-block-image size-full"><img loading="lazy" decoding="async" width="1024" height="768" src="http://www.imhar.net/wp-content/uploads/2024/11/IMHAR-Ankündigung-24.1.001.jpeg" alt="" class="wp-image-1734" srcset="https://www.imhar.net/wp-content/uploads/2024/11/IMHAR-Ankündigung-24.1.001.jpeg 1024w, https://www.imhar.net/wp-content/uploads/2024/11/IMHAR-Ankündigung-24.1.001-300x225.jpeg 300w, https://www.imhar.net/wp-content/uploads/2024/11/IMHAR-Ankündigung-24.1.001-768x576.jpeg 768w, https://www.imhar.net/wp-content/uploads/2024/11/IMHAR-Ankündigung-24.1.001-970x728.jpeg 970w, https://www.imhar.net/wp-content/uploads/2024/11/IMHAR-Ankündigung-24.1.001-700x525.jpeg 700w" sizes="auto, (max-width: 1024px) 100vw, 1024px" /></figure>
</div>
</div>



<div class="wp-block-columns is-layout-flex wp-container-core-columns-is-layout-9d6595d7 wp-block-columns-is-layout-flex">
<div class="wp-block-column is-layout-flow wp-block-column-is-layout-flow"></div>



<div class="wp-block-column is-layout-flow wp-block-column-is-layout-flow"></div>
</div>



<p></p>



<p></p>

<p>Salon _ 14. November 2025 HORIZONTAL! Das Krankenbett und die Welt im Liegen Konzeptvorstellung zur&nbsp;geplanten&nbsp;Sonderausstellung im Berliner Medizinhistorischen Museum der Charitémit Prof. Dr. Monika Ankele Wie verändert sich die Wahrnehmung der Welt, wenn wir sie im Liegen erleben? Die Ausstellung&nbsp;„Horizontal! Das Krankenbett und die Welt [&hellip;]</p>
